{"id":148,"date":"2024-01-22T07:54:12","date_gmt":"2024-01-22T06:54:12","guid":{"rendered":"https:\/\/penzionposada.cz\/?post_type=mphb_room_type&#038;p=148"},"modified":"2024-01-22T12:49:05","modified_gmt":"2024-01-22T11:49:05","slug":"apartamento-con-terraza","status":"publish","type":"mphb_room_type","link":"https:\/\/penzionposada.cz\/es\/accommodation\/apartamento-con-terraza\/","title":{"rendered":"Apartamento con Terraza"},"content":{"rendered":"\n<p>Este apartamento consta de 1 sala de estar, 1 dormitorio independiente y 1 ba\u00f1o con ba\u00f1era y art\u00edculos de aseo gratuitos. La zona de cocina est\u00e1 bien equipada con fogones, nevera y utensilios de cocina. Este apartamento dispone de terraza con vistas a la ciudad, tetera\/cafetera y TV de pantalla plana. Dispone de 1 cama.<\/p>\n","protected":false},"excerpt":{"rendered":"<p>Este apartamento consta de 1 sala de estar, 1 dormitorio independiente y 1 ba\u00f1o con ba\u00f1era y art\u00edculos de aseo gratuitos. La zona de cocina est\u00e1 bien equipada con fogones, nevera y utensilios de cocina. Este apartamento dispone de terraza con vistas a la ciudad, tetera\/cafetera y TV de pantalla plana. Dispone de 1 cama.<\/p>\n","protected":false},"featured_media":149,"menu_order":0,"comment_status":"open","ping_status":"closed","template":"56","meta":{"inline_featured_image":false,"_uag_custom_page_level_css":"","_kad_post_transparent":"","_kad_post_title":"","_kad_post_layout":"","_kad_post_sidebar_id":"","_kad_post_content_style":"","_kad_post_vertical_padding":"","_kad_post_feature":"","_kad_post_feature_position":"","_kad_post_header":false,"_kad_post_footer":false,"_kad_post_classname":""},"mphb_room_type_category":[],"mphb_room_type_tag":[],"mphb_room_type_facility":[3,18,14,16,9,10,13,11,8,4,12,7,17,15,5],"class_list":["post-148","mphb_room_type","type-mphb_room_type","status-publish","has-post-thumbnail","hentry","mphb_room_type_facility-articulos-de-aseo","mphb_room_type_facility-banera","mphb_room_type_facility-calefaccion","mphb_room_type_facility-detector-de-monoxido-de-carbono","mphb_room_type_facility-enchufe-cerca-de-la-cama","mphb_room_type_facility-escritorio","mphb_room_type_facility-mosquitera","mphb_room_type_facility-nevera","mphb_room_type_facility-ropa-de-cama","mphb_room_type_facility-secador-de-pelo","mphb_room_type_facility-tetera-cafetera","mphb_room_type_facility-toallas","mphb_room_type_facility-utensilios-de-cocina","mphb_room_type_facility-ventilador","mphb_room_type_facility-wc","mphb-room-type-adults-2","mphb-room-type-children-0",""],"yoast_head":"<!-- This site is optimized with the Yoast SEO plugin v27.4 - https:\/\/yoast.com\/product\/yoast-seo-wordpress\/ -->\n<title>Apartamento con Terraza - Penzion Posada<\/title>\n<meta name=\"robots\" content=\"index, follow, max-snippet:-1, max-image-preview:large, max-video-preview:-1\" \/>\n<link rel=\"canonical\" href=\"https:\/\/penzionposada.cz\/es\/accommodation\/apartamento-con-terraza\/\" \/>\n<meta property=\"og:locale\" content=\"es_ES\" \/>\n<meta property=\"og:type\" content=\"article\" \/>\n<meta property=\"og:title\" content=\"Apartamento con Terraza - Penzion Posada\" \/>\n<meta property=\"og:description\" content=\"Este apartamento consta de 1 sala de estar, 1 dormitorio independiente y 1 ba\u00f1o con ba\u00f1era y art\u00edculos de aseo gratuitos. La zona de cocina est\u00e1 bien equipada con fogones, nevera y utensilios de cocina. Este apartamento dispone de terraza con vistas a la ciudad, tetera\/cafetera y TV de pantalla plana. Dispone de 1 cama.\" \/>\n<meta property=\"og:url\" content=\"https:\/\/penzionposada.cz\/es\/accommodation\/apartamento-con-terraza\/\" \/>\n<meta property=\"og:site_name\" content=\"Penzion Posada\" \/>\n<meta property=\"article:modified_time\" content=\"2024-01-22T11:49:05+00:00\" \/>\n<meta property=\"og:image\" content=\"https:\/\/penzionposada.cz\/wp-content\/uploads\/2024\/01\/apartamento-con-terraza-penzion-posada-11.jpg\" \/>\n\t<meta property=\"og:image:width\" content=\"1000\" \/>\n\t<meta property=\"og:image:height\" content=\"667\" \/>\n\t<meta property=\"og:image:type\" content=\"image\/jpeg\" \/>\n<meta name=\"twitter:card\" content=\"summary_large_image\" \/>\n<script type=\"application\/ld+json\" class=\"yoast-schema-graph\">{\"@context\":\"https:\\\/\\\/schema.org\",\"@graph\":[{\"@type\":\"WebPage\",\"@id\":\"https:\\\/\\\/penzionposada.cz\\\/es\\\/accommodation\\\/apartamento-con-terraza\\\/\",\"url\":\"https:\\\/\\\/penzionposada.cz\\\/es\\\/accommodation\\\/apartamento-con-terraza\\\/\",\"name\":\"Apartamento con Terraza - Penzion Posada\",\"isPartOf\":{\"@id\":\"https:\\\/\\\/penzionposada.cz\\\/#website\"},\"primaryImageOfPage\":{\"@id\":\"https:\\\/\\\/penzionposada.cz\\\/es\\\/accommodation\\\/apartamento-con-terraza\\\/#primaryimage\"},\"image\":{\"@id\":\"https:\\\/\\\/penzionposada.cz\\\/es\\\/accommodation\\\/apartamento-con-terraza\\\/#primaryimage\"},\"thumbnailUrl\":\"https:\\\/\\\/penzionposada.cz\\\/wp-content\\\/uploads\\\/2024\\\/01\\\/apartamento-con-terraza-penzion-posada-11.jpg\",\"datePublished\":\"2024-01-22T06:54:12+00:00\",\"dateModified\":\"2024-01-22T11:49:05+00:00\",\"breadcrumb\":{\"@id\":\"https:\\\/\\\/penzionposada.cz\\\/es\\\/accommodation\\\/apartamento-con-terraza\\\/#breadcrumb\"},\"inLanguage\":\"es\",\"potentialAction\":[{\"@type\":\"ReadAction\",\"target\":[\"https:\\\/\\\/penzionposada.cz\\\/es\\\/accommodation\\\/apartamento-con-terraza\\\/\"]}]},{\"@type\":\"ImageObject\",\"inLanguage\":\"es\",\"@id\":\"https:\\\/\\\/penzionposada.cz\\\/es\\\/accommodation\\\/apartamento-con-terraza\\\/#primaryimage\",\"url\":\"https:\\\/\\\/penzionposada.cz\\\/wp-content\\\/uploads\\\/2024\\\/01\\\/apartamento-con-terraza-penzion-posada-11.jpg\",\"contentUrl\":\"https:\\\/\\\/penzionposada.cz\\\/wp-content\\\/uploads\\\/2024\\\/01\\\/apartamento-con-terraza-penzion-posada-11.jpg\",\"width\":1000,\"height\":667},{\"@type\":\"BreadcrumbList\",\"@id\":\"https:\\\/\\\/penzionposada.cz\\\/es\\\/accommodation\\\/apartamento-con-terraza\\\/#breadcrumb\",\"itemListElement\":[{\"@type\":\"ListItem\",\"position\":1,\"name\":\"Portada\",\"item\":\"https:\\\/\\\/penzionposada.cz\\\/es\\\/\"},{\"@type\":\"ListItem\",\"position\":2,\"name\":\"Typy ubytov\u00e1n\u00ed\",\"item\":\"https:\\\/\\\/penzionposada.cz\\\/accommodation\\\/\"},{\"@type\":\"ListItem\",\"position\":3,\"name\":\"Apartamento con Terraza\"}]},{\"@type\":\"WebSite\",\"@id\":\"https:\\\/\\\/penzionposada.cz\\\/#website\",\"url\":\"https:\\\/\\\/penzionposada.cz\\\/\",\"name\":\"Penzion Posada\",\"description\":\"\",\"publisher\":{\"@id\":\"https:\\\/\\\/penzionposada.cz\\\/#organization\"},\"potentialAction\":[{\"@type\":\"SearchAction\",\"target\":{\"@type\":\"EntryPoint\",\"urlTemplate\":\"https:\\\/\\\/penzionposada.cz\\\/?s={search_term_string}\"},\"query-input\":{\"@type\":\"PropertyValueSpecification\",\"valueRequired\":true,\"valueName\":\"search_term_string\"}}],\"inLanguage\":\"es\"},{\"@type\":\"Organization\",\"@id\":\"https:\\\/\\\/penzionposada.cz\\\/#organization\",\"name\":\"Penzion Posada\",\"url\":\"https:\\\/\\\/penzionposada.cz\\\/\",\"logo\":{\"@type\":\"ImageObject\",\"inLanguage\":\"es\",\"@id\":\"https:\\\/\\\/penzionposada.cz\\\/#\\\/schema\\\/logo\\\/image\\\/\",\"url\":\"https:\\\/\\\/penzionposada.cz\\\/wp-content\\\/uploads\\\/2024\\\/01\\\/18.svg\",\"contentUrl\":\"https:\\\/\\\/penzionposada.cz\\\/wp-content\\\/uploads\\\/2024\\\/01\\\/18.svg\",\"width\":140,\"height\":85,\"caption\":\"Penzion Posada\"},\"image\":{\"@id\":\"https:\\\/\\\/penzionposada.cz\\\/#\\\/schema\\\/logo\\\/image\\\/\"}}]}<\/script>\n<!-- \/ Yoast SEO plugin. -->","yoast_head_json":{"title":"Apartamento con Terraza - Penzion Posada","robots":{"index":"index","follow":"follow","max-snippet":"max-snippet:-1","max-image-preview":"max-image-preview:large","max-video-preview":"max-video-preview:-1"},"canonical":"https:\/\/penzionposada.cz\/es\/accommodation\/apartamento-con-terraza\/","og_locale":"es_ES","og_type":"article","og_title":"Apartamento con Terraza - Penzion Posada","og_description":"Este apartamento consta de 1 sala de estar, 1 dormitorio independiente y 1 ba\u00f1o con ba\u00f1era y art\u00edculos de aseo gratuitos. La zona de cocina est\u00e1 bien equipada con fogones, nevera y utensilios de cocina. Este apartamento dispone de terraza con vistas a la ciudad, tetera\/cafetera y TV de pantalla plana. Dispone de 1 cama.","og_url":"https:\/\/penzionposada.cz\/es\/accommodation\/apartamento-con-terraza\/","og_site_name":"Penzion Posada","article_modified_time":"2024-01-22T11:49:05+00:00","og_image":[{"width":1000,"height":667,"url":"https:\/\/penzionposada.cz\/wp-content\/uploads\/2024\/01\/apartamento-con-terraza-penzion-posada-11.jpg","type":"image\/jpeg"}],"twitter_card":"summary_large_image","schema":{"@context":"https:\/\/schema.org","@graph":[{"@type":"WebPage","@id":"https:\/\/penzionposada.cz\/es\/accommodation\/apartamento-con-terraza\/","url":"https:\/\/penzionposada.cz\/es\/accommodation\/apartamento-con-terraza\/","name":"Apartamento con Terraza - Penzion Posada","isPartOf":{"@id":"https:\/\/penzionposada.cz\/#website"},"primaryImageOfPage":{"@id":"https:\/\/penzionposada.cz\/es\/accommodation\/apartamento-con-terraza\/#primaryimage"},"image":{"@id":"https:\/\/penzionposada.cz\/es\/accommodation\/apartamento-con-terraza\/#primaryimage"},"thumbnailUrl":"https:\/\/penzionposada.cz\/wp-content\/uploads\/2024\/01\/apartamento-con-terraza-penzion-posada-11.jpg","datePublished":"2024-01-22T06:54:12+00:00","dateModified":"2024-01-22T11:49:05+00:00","breadcrumb":{"@id":"https:\/\/penzionposada.cz\/es\/accommodation\/apartamento-con-terraza\/#breadcrumb"},"inLanguage":"es","potentialAction":[{"@type":"ReadAction","target":["https:\/\/penzionposada.cz\/es\/accommodation\/apartamento-con-terraza\/"]}]},{"@type":"ImageObject","inLanguage":"es","@id":"https:\/\/penzionposada.cz\/es\/accommodation\/apartamento-con-terraza\/#primaryimage","url":"https:\/\/penzionposada.cz\/wp-content\/uploads\/2024\/01\/apartamento-con-terraza-penzion-posada-11.jpg","contentUrl":"https:\/\/penzionposada.cz\/wp-content\/uploads\/2024\/01\/apartamento-con-terraza-penzion-posada-11.jpg","width":1000,"height":667},{"@type":"BreadcrumbList","@id":"https:\/\/penzionposada.cz\/es\/accommodation\/apartamento-con-terraza\/#breadcrumb","itemListElement":[{"@type":"ListItem","position":1,"name":"Portada","item":"https:\/\/penzionposada.cz\/es\/"},{"@type":"ListItem","position":2,"name":"Typy ubytov\u00e1n\u00ed","item":"https:\/\/penzionposada.cz\/accommodation\/"},{"@type":"ListItem","position":3,"name":"Apartamento con Terraza"}]},{"@type":"WebSite","@id":"https:\/\/penzionposada.cz\/#website","url":"https:\/\/penzionposada.cz\/","name":"Penzion Posada","description":"","publisher":{"@id":"https:\/\/penzionposada.cz\/#organization"},"potentialAction":[{"@type":"SearchAction","target":{"@type":"EntryPoint","urlTemplate":"https:\/\/penzionposada.cz\/?s={search_term_string}"},"query-input":{"@type":"PropertyValueSpecification","valueRequired":true,"valueName":"search_term_string"}}],"inLanguage":"es"},{"@type":"Organization","@id":"https:\/\/penzionposada.cz\/#organization","name":"Penzion Posada","url":"https:\/\/penzionposada.cz\/","logo":{"@type":"ImageObject","inLanguage":"es","@id":"https:\/\/penzionposada.cz\/#\/schema\/logo\/image\/","url":"https:\/\/penzionposada.cz\/wp-content\/uploads\/2024\/01\/18.svg","contentUrl":"https:\/\/penzionposada.cz\/wp-content\/uploads\/2024\/01\/18.svg","width":140,"height":85,"caption":"Penzion Posada"},"image":{"@id":"https:\/\/penzionposada.cz\/#\/schema\/logo\/image\/"}}]}},"uagb_featured_image_src":{"full":["https:\/\/penzionposada.cz\/wp-content\/uploads\/2024\/01\/apartamento-con-terraza-penzion-posada-11.jpg",1000,667,false],"thumbnail":["https:\/\/penzionposada.cz\/wp-content\/uploads\/2024\/01\/apartamento-con-terraza-penzion-posada-11-150x150.jpg",150,150,true],"medium":["https:\/\/penzionposada.cz\/wp-content\/uploads\/2024\/01\/apartamento-con-terraza-penzion-posada-11-300x200.jpg",300,200,true],"medium_large":["https:\/\/penzionposada.cz\/wp-content\/uploads\/2024\/01\/apartamento-con-terraza-penzion-posada-11-768x512.jpg",768,512,true],"large":["https:\/\/penzionposada.cz\/wp-content\/uploads\/2024\/01\/apartamento-con-terraza-penzion-posada-11.jpg",1000,667,false],"1536x1536":["https:\/\/penzionposada.cz\/wp-content\/uploads\/2024\/01\/apartamento-con-terraza-penzion-posada-11.jpg",1000,667,false],"2048x2048":["https:\/\/penzionposada.cz\/wp-content\/uploads\/2024\/01\/apartamento-con-terraza-penzion-posada-11.jpg",1000,667,false]},"uagb_author_info":{"display_name":"webmasterpenzion","author_link":"https:\/\/penzionposada.cz\/es\/author\/"},"uagb_comment_info":0,"uagb_excerpt":"Este apartamento consta de 1 sala de estar, 1 dormitorio independiente y 1 ba\u00f1o con ba\u00f1era y art\u00edculos de aseo gratuitos. La zona de cocina est\u00e1 bien equipada con fogones, nevera y utensilios de cocina. Este apartamento dispone de terraza con vistas a la ciudad, tetera\/cafetera y TV de pantalla plana. Dispone de 1 cama.","_links":{"self":[{"href":"https:\/\/penzionposada.cz\/es\/wp-json\/wp\/v2\/mphb_room_type\/148","targetHints":{"allow":["GET"]}}],"collection":[{"href":"https:\/\/penzionposada.cz\/es\/wp-json\/wp\/v2\/mphb_room_type"}],"about":[{"href":"https:\/\/penzionposada.cz\/es\/wp-json\/wp\/v2\/types\/mphb_room_type"}],"replies":[{"embeddable":true,"href":"https:\/\/penzionposada.cz\/es\/wp-json\/wp\/v2\/comments?post=148"}],"wp:featuredmedia":[{"embeddable":true,"href":"https:\/\/penzionposada.cz\/es\/wp-json\/wp\/v2\/media\/149"}],"wp:attachment":[{"href":"https:\/\/penzionposada.cz\/es\/wp-json\/wp\/v2\/media?parent=148"}],"wp:term":[{"taxonomy":"mphb_room_type_category","embeddable":true,"href":"https:\/\/penzionposada.cz\/es\/wp-json\/wp\/v2\/mphb_room_type_category?post=148"},{"taxonomy":"mphb_room_type_tag","embeddable":true,"href":"https:\/\/penzionposada.cz\/es\/wp-json\/wp\/v2\/mphb_room_type_tag?post=148"},{"taxonomy":"mphb_room_type_facility","embeddable":true,"href":"https:\/\/penzionposada.cz\/es\/wp-json\/wp\/v2\/mphb_room_type_facility?post=148"}],"curies":[{"name":"wp","href":"https:\/\/api.w.org\/{rel}","templated":true}]}}

<p>Este apartamento consta de 1 sala de estar, 1 dormitorio independiente y 1 baño con bañera y artículos de aseo gratuitos. La zona de cocina está bien equipada con fogones, nevera y utensilios de cocina. Este apartamento dispone de terraza con vistas a la ciudad, tetera/cafetera y TV de pantalla plana. Dispone de 1 cama.</p>

<!-- This site is optimized with the Yoast SEO plugin v27.4 - https://yoast.com/product/yoast-seo-wordpress/ -->
<title>Apartamento con Terraza - Penzion Posada</title>
<meta name="robots" content="index, follow, max-snippet:-1, max-image-preview:large, max-video-preview:-1" />
<link rel="canonical" href="https://penzionposada.cz/es/accommodation/apartamento-con-terraza/" />
<meta property="og:locale" content="es_ES" />
<meta property="og:type" content="article" />
<meta property="og:title" content="Apartamento con Terraza - Penzion Posada" />
<meta property="og:description" content="Este apartamento consta de 1 sala de estar, 1 dormitorio independiente y 1 baño con bañera y artículos de aseo gratuitos. La zona de cocina está bien equipada con fogones, nevera y utensilios de cocina. Este apartamento dispone de terraza con vistas a la ciudad, tetera/cafetera y TV de pantalla plana. Dispone de 1 cama." />
<meta property="og:url" content="https://penzionposada.cz/es/accommodation/apartamento-con-terraza/" />
<meta property="og:site_name" content="Penzion Posada" />
<meta property="article:modified_time" content="2024-01-22T11:49:05+00:00" />
<meta property="og:image" content="https://penzionposada.cz/wp-content/uploads/2024/01/apartamento-con-terraza-penzion-posada-11.jpg" />
	<meta property="og:image:width" content="1000" />
	<meta property="og:image:height" content="667" />
	<meta property="og:image:type" content="image/jpeg" />
<meta name="twitter:card" content="summary_large_image" />
<script type="application/ld+json" class="yoast-schema-graph">{"@context":"https:\/\/schema.org","@graph":[{"@type":"WebPage","@id":"https:\/\/penzionposada.cz\/es\/accommodation\/apartamento-con-terraza\/","url":"https:\/\/penzionposada.cz\/es\/accommodation\/apartamento-con-terraza\/","name":"Apartamento con Terraza - Penzion Posada","isPartOf":{"@id":"https:\/\/penzionposada.cz\/#website"},"primaryImageOfPage":{"@id":"https:\/\/penzionposada.cz\/es\/accommodation\/apartamento-con-terraza\/#primaryimage"},"image":{"@id":"https:\/\/penzionposada.cz\/es\/accommodation\/apartamento-con-terraza\/#primaryimage"},"thumbnailUrl":"https:\/\/penzionposada.cz\/wp-content\/uploads\/2024\/01\/apartamento-con-terraza-penzion-posada-11.jpg","datePublished":"2024-01-22T06:54:12+00:00","dateModified":"2024-01-22T11:49:05+00:00","breadcrumb":{"@id":"https:\/\/penzionposada.cz\/es\/accommodation\/apartamento-con-terraza\/#breadcrumb"},"inLanguage":"es","potentialAction":[{"@type":"ReadAction","target":["https:\/\/penzionposada.cz\/es\/accommodation\/apartamento-con-terraza\/"]}]},{"@type":"ImageObject","inLanguage":"es","@id":"https:\/\/penzionposada.cz\/es\/accommodation\/apartamento-con-terraza\/#primaryimage","url":"https:\/\/penzionposada.cz\/wp-content\/uploads\/2024\/01\/apartamento-con-terraza-penzion-posada-11.jpg","contentUrl":"https:\/\/penzionposada.cz\/wp-content\/uploads\/2024\/01\/apartamento-con-terraza-penzion-posada-11.jpg","width":1000,"height":667},{"@type":"BreadcrumbList","@id":"https:\/\/penzionposada.cz\/es\/accommodation\/apartamento-con-terraza\/#breadcrumb","itemListElement":[{"@type":"ListItem","position":1,"name":"Portada","item":"https:\/\/penzionposada.cz\/es\/"},{"@type":"ListItem","position":2,"name":"Typy ubytování","item":"https:\/\/penzionposada.cz\/accommodation\/"},{"@type":"ListItem","position":3,"name":"Apartamento con Terraza"}]},{"@type":"WebSite","@id":"https:\/\/penzionposada.cz\/#website","url":"https:\/\/penzionposada.cz\/","name":"Penzion Posada","description":"","publisher":{"@id":"https:\/\/penzionposada.cz\/#organization"},"potentialAction":[{"@type":"SearchAction","target":{"@type":"EntryPoint","urlTemplate":"https:\/\/penzionposada.cz\/?s={search_term_string}"},"query-input":{"@type":"PropertyValueSpecification","valueRequired":true,"valueName":"search_term_string"}}],"inLanguage":"es"},{"@type":"Organization","@id":"https:\/\/penzionposada.cz\/#organization","name":"Penzion Posada","url":"https:\/\/penzionposada.cz\/","logo":{"@type":"ImageObject","inLanguage":"es","@id":"https:\/\/penzionposada.cz\/#\/schema\/logo\/image\/","url":"https:\/\/penzionposada.cz\/wp-content\/uploads\/2024\/01\/18.svg","contentUrl":"https:\/\/penzionposada.cz\/wp-content\/uploads\/2024\/01\/18.svg","width":140,"height":85,"caption":"Penzion Posada"},"image":{"@id":"https:\/\/penzionposada.cz\/#\/schema\/logo\/image\/"}}]}</script>
<!-- / Yoast SEO plugin. -->

Este apartamento consta de 1 sala de estar, 1 dormitorio independiente y 1 baño con bañera y artículos de aseo gratuitos. La zona de cocina está bien equipada con fogones, nevera y utensilios de cocina. Este apartamento dispone de terraza con vistas a la ciudad, tetera/cafetera y TV de pantalla plana. Dispone de 1 cama.

Typy ubytování
